{"id":12532,"date":"2021-02-04T13:32:11","date_gmt":"2021-02-04T13:32:11","guid":{"rendered":"https:\/\/clientes.fernandocarrujo.com\/jfcanaviais\/?page_id=12532"},"modified":"2021-03-23T13:55:06","modified_gmt":"2021-03-23T13:55:06","slug":"as-pessoas-primeiro","status":"publish","type":"page","link":"https:\/\/clientes.fernandocarrujo.com\/jfcanaviais\/as-pessoas-primeiro\/","title":{"rendered":"AS PESSOAS PRIMEIRO"},"content":{"rendered":"\n<p>A Lei (Lei 75\/2013 de 12 de Setembro)\u00a0atribui \u00e0s Juntas de Freguesia poderes e compet\u00eancias e, habitualmente, poucos recursos, que t\u00eam de ser utilizados com efic\u00e1cia, tendo sempre em conta o interesse p\u00fablico.<\/p>\n\n\n\n<p>Pode fazer-se deste princ\u00edpio letra morta tratando o interesse p\u00fablico como algo abstracto, de dif\u00edcil tradu\u00e7\u00e3o e, por isso, subjug\u00e1-lo \u00e0 inac\u00e7\u00e3o, \u00e0 arbitrariedade ou at\u00e9 ao abuso. Ou pode levar-se de tal modo a s\u00e9rio este fundamento que, em qualquer ac\u00e7\u00e3o da Junta de Freguesia, as pessoas s\u00e3o colocadas em primeiro lugar, antes de qualquer interesse individual ou sect\u00e1rio, elevando o padr\u00e3o de exig\u00eancia e contribuindo ativamente para a coes\u00e3o da comunidade e inclus\u00e3o social.<\/p>\n\n\n\n<p>Aqui esfor\u00e7amo-nos todos os dias para preservar a riqueza patrimonial e cultural da freguesia, promovendo o que de mais genu\u00edno temos e acrescentar qualidade de vida \u00e0 popula\u00e7\u00e3o, simplificando procedimentos, agilizando processos, tratando dos espa\u00e7os p\u00fablicos, enfim, servindo as pessoas, tendo como fundamentos a transpar\u00eancia, a qualidade, efici\u00eancia e a participa\u00e7\u00e3o.<\/p>\n\n\n\n<p>Por isso \u00e9 t\u00e3o bom viver aqui.<\/p>\n","protected":false},"excerpt":{"rendered":"<p>A Lei (Lei 75\/2013 de 12 de Setembro)\u00a0atribui \u00e0s Juntas de Freguesia poderes e compet\u00eancias e, habitualmente, poucos recursos, que t\u00eam de ser utilizados com efic\u00e1cia, tendo sempre em conta o interesse p\u00fablico. Pode fazer-se deste princ\u00edpio letra morta tratando o interesse p\u00fablico como algo abstracto, de dif\u00edcil tradu\u00e7\u00e3o e, por isso, subjug\u00e1-lo \u00e0 inac\u00e7\u00e3o,&#8230;<\/p>\n","protected":false},"author":1,"featured_media":0,"parent":0,"menu_order":0,"comment_status":"closed","ping_status":"closed","template":"","meta":{"footnotes":""},"class_list":["post-12532","page","type-page","status-publish","hentry"],"_links":{"self":[{"href":"https:\/\/clientes.fernandocarrujo.com\/jfcanaviais\/wp-json\/wp\/v2\/pages\/12532","targetHints":{"allow":["GET"]}}],"collection":[{"href":"https:\/\/clientes.fernandocarrujo.com\/jfcanaviais\/wp-json\/wp\/v2\/pages"}],"about":[{"href":"https:\/\/clientes.fernandocarrujo.com\/jfcanaviais\/wp-json\/wp\/v2\/types\/page"}],"author":[{"embeddable":true,"href":"https:\/\/clientes.fernandocarrujo.com\/jfcanaviais\/wp-json\/wp\/v2\/users\/1"}],"replies":[{"embeddable":true,"href":"https:\/\/clientes.fernandocarrujo.com\/jfcanaviais\/wp-json\/wp\/v2\/comments?post=12532"}],"version-history":[{"count":3,"href":"https:\/\/clientes.fernandocarrujo.com\/jfcanaviais\/wp-json\/wp\/v2\/pages\/12532\/revisions"}],"predecessor-version":[{"id":13237,"href":"https:\/\/clientes.fernandocarrujo.com\/jfcanaviais\/wp-json\/wp\/v2\/pages\/12532\/revisions\/13237"}],"wp:attachment":[{"href":"https:\/\/clientes.fernandocarrujo.com\/jfcanaviais\/wp-json\/wp\/v2\/media?parent=12532"}],"curies":[{"name":"wp","href":"https:\/\/api.w.org\/{rel}","templated":true}]}}